 10111010100011111110000100 - -11?
10111010100011111110000111
In base 14, what is -5c1 - -7a4?
1c3
In base 8, what is -6 + 147417365?
147417357
In base 7, what is -140403 + -4515?
-145221
In base 13, what is 358556 + 24?
35857a
In base 2, what is 10011001000011 - 1011010?
10010111101001
In base 3, what is 200012200112202 + -1122?
200012200111010
In base 15, what is -3 + 4d2e367?
4d2e364
In base 10, what is -1081012 - -23?
-1080989
In base 8, what is 23 - 5303617?
-5303574
In base 3, what is -110222021 - -10002000020?
2121000222
In base 13, what is -122 - 1bb07?
-1bc29
In base 7, what is -31546451 - -352?
-31546066
In base 9, what is 331 + -2886?
-2555
In base 3, what is -22022211001201 - -1212?
-22022210222212
In base 10, what is 12438 + 8468?
20906
In base 14, what is 33cc07a - 4?
33cc076
In base 4, what is -122322003202 + -323?
-122322010131
In base 11, what is -1177a814 - -2?
-1177a812
In base 14, what is 1a05 - -94609?
96210
In base 15, what is 9b - -30aa?
3156
In base 3, what is -1100110110 + 200201?
-1022202202
In base 15, what is -125401 - 5e?
-125460
In base 16, what is -3ae79 + c9?
-3adb0
In base 15, what is 5d6e - -731?
65a0
In base 6, what is 511135033 - 2?
511135031
In base 15, what is -15d6dc - -4?
-15d6d8
In base 8, what is -3 - 114464143?
-114464146
In base 6, what is -200434 + -35200?
-240034
In base 10, what is -3071 - 13838?
-16909
In base 8, what is 5 - -2244172?
2244177
In base 7, what is 1 - -6353063?
6353064
In base 10, what is -1406 - 1377?
-2783
In base 16, what is 90 - -7935ae?
79363e
In base 14, what is 68c1bb8 - -5?
68c1bbd
In base 2, what is -101 - 1010000100111010001111?
-1010000100111010010100
In base 15, what is 3ed729 - 5?
3ed724
In base 13, what is -b9b7b + -745?
-ba5c3
In base 12, what is 8259 + 115?
8372
In base 16, what is -21032 - 35?
-21067
In base 12, what is -89891 + -45?
-89916
In base 11, what is 138789 - -2308?
13aa96
In base 9, what is -488620405 - 0?
-488620405
In base 7, what is 15 + -224153115?
-224153100
In base 8, what is 42674713 + -7?
42674704
In base 13, what is 10 - -576815?
576825
In base 12, what is 7219 - 298?
6b41
In base 7, what is -5143 + 40165?
32022
In base 15, what is -3 + 2cb92a4?
2cb92a1
In base 2, what is 1111110101110100011 + 1?
1111110101110100100
In base 8, what is -260 + -24251?
-24531
In base 7, what is -416646551 + 5?
-416646543
In base 15, what is -18ceae8 + -5?
-18ceaed
In base 6, what is -15510425044 - -1?
-15510425043
In base 2, what is 1110100101001 - -101111110011?
10100100011100
In base 2, what is -11100101000101001111 - -10000001?
-11100101000011001110
In base 16, what is 34ce6fae + 4?
34ce6fb2
In base 9, what is -676 - 24307?
-25084
In base 7, what is 5 - 52646606?
-52646601
In base 2, what is 1 + 1101001010100101001111?
1101001010100101010000
In base 15, what is 44c98 + -1e?
44c79
In base 12, what is -5 - -13b7a6a1?
13b7a698
In base 6, what is 20324 - -1140001?
1200325
In base 3, what is 1211022212 - 10020?
1211012122
In base 7, what is 13 - -1210454?
1210500
In base 12, what is -829 + -343a?
-4067
In base 4, what is -213032011010320 + 2?
-213032011010312
In base 10, what is 23 - -700915?
700938
In base 5, what is -12412 + 121244?
103332
In base 13, what is 3 + -15b1986?
-15b1983
In base 3, what is 2002212 - -100020?
2110002
In base 8, what is 21336370 + 13?
21336403
In base 6, what is 3120 - -2123002?
2130122
In base 11, what is 63 - -2467463?
2467516
In base 10, what is 48 - 12156982?
-12156934
In base 13, what is bb - 6592?
-64a4
In base 14, what is c + 4108d4?
410902
In base 12, what is -14 - b47409?
-b47421
In base 7, what is 2 + -1235163125?
-1235163123
In base 6, what is -14025500 - 300?
-14030200
In base 14, what is 17cd5 + 386?
1827b
In base 3, what is -1000021210201 - -101?
-1000021210100
In base 12, what is -17420 - 425?
-17845
In base 16, what is 19bb0 + -3d4?
197dc
In base 4, what is 2 - 202223033100?
-202223033032
In base 9, what is 755 - 1324?
-458
In base 4, what is 2110 - -10200303?
10203013
In base 14, what is -c - -51b59?
51b4b
In base 13, what is 10 - -bbb077?
bbb087
In base 2, what is -111001101 + 1010100111111100?
1010100000101111
In base 2, what is -1101100101 + 11100100010011110?
11100010100111001
In base 6, what is -2340555 - 125?
-2341124
In base 14, what is 0 - 16ba8a?
-16ba8a
In base 9, what is 3777 - -15772?
20660
In base 2, what is -10111000111000100010100010 - 0?
-10111000111000100010100010
In base 13, what is 1982c6969 + 0?
1982c6969
In base 12, what is -23b2 + 610?
-19a2
In base 16, what is 1 + 45ec?
45ed
In base 11, what is -4 - 29a3930?
-29a3934
In base 15, what is 1841c + 75?
18492
In base 13, what is 3 - 81a7a6?
-81a7a3
In base 9, what is -33785 + 140?
-33645
In base 16, what is 10 + -2ec45?
-2ec35
In base 6, what is 0 - -1125145103?
1125145103
In base 3, what is 20211210112 - -20000?
20212000112
In base 16, what is -c25 + 1591?
96c
In base 13, what is -a + -36c670?
-36c67a
In base 5, what is -34040233 - 111?
-34040344
In base 5, what is 1 + -241242103022?
-241242103021
In base 7, what is -1405 - 21445?
-23153
In base 4, what is -2103013120 - -23312?
-2102323202
In base 2, what is 11 + -1111000001100110111000000?
-1111000001100110110111101
In base 3, what is -10011021100 - -1222021?
-10002022002
In base 11, what is -365600 - -5?
-3655a6
In base 16, what is -f - -113441?
113432
In base 14, what is 65 - -13766?
137cb
In base 4, what is -333032313020 - -3?
-333032313011
In base 10, what is 6115314 - -3?
6115317
In base 12, what is -89b191 - 116?
-89b2a7
In base 14, what is 2b381 - 5c?
2b323
In base 6, what is -4145045 + 241?
-4144404
In base 15, what is -27711b + -8?
-277124
In base 13, what is 45b2c + 404?
46233
In base 13, what is 41bb9854 + 3?
41bb9857
In base 5, what is -220233 - -32124?
-133104
In base 11, what is -5 - 5562865?
-556286a
In base 13, what is -50a3a + 277?
-50793
In base 15, what is 1ae + 122be?
1247d
In base 10, what is -3608298 + 0?
-3608298
In base 2, what is -11111100110011111010101 - 10011001?
-11111100110100001101110
In base 13, what is 849 + 105064?
1058b0
In base 14, what is -1d9d4625 - 1?
-1d9d4626
In base 3, what is -2022112112021000002 - 2?
-2022112112021000011
In base 14, what is -2aa29 - -25b?
-2a7ac
In base 12, what is 0 + 96b942b?
96b942b
In base 9, what is -8677 + -250?
-10037
In base 9, what is 5 - 40572410?
-40572404
In base 7, what is 4416 + 51354?
56103
In base 4, what is -223110 + 121030?
-102020
In base 15, what is -b06 - -2032?
142b
In base 15, what is 254ab4 + 45?
254b09
In base 13, what is -7a7 + acc3?
a519
In base 15, what is 3 - -8458558?
845855b
In base 2, what is -101 + 111100111101100001001?
111100111101100000100
In base 4, what is 10120 + 1000213230?
1000230010
In base 6, what is -4143425 + -2240?
-4150105
In base 16, what is 1480c7f + -16?
1480c69
In base 2, what is -1110011101001011010110111 - -11?
-1110011101001011010110100
In base 5, what is -2 + 134440234?
134440232
In base 14, what is 34db657 - -8?
34db661
In base 12, what is 41 + -93118?
-93097
In base 14, what is -4 - 206dc6c5?
-206dc6c9
In base 3, what is 212121111200 - -10021?
212121121221
In base 8, what is -3 + -1320734246?
-1320734251
In base 5, what is -403112413 + 4?
-403112404
In base 9, what is -4 - -1036443?
1036438
In base 10, what is 366826 + 26?
366852
In base 10, what is 21061100 - -6?
21061106
In base 10, what is 189953180 - -4?
189953184
In base 16, what is -86 - -4126?
40a0
In base 15, what is -b7a2e - -6d?
-b79b1
In base 12, what is -41 - -18a1bb?
18a17a
In base 6, what is 4 + -2420345054?
-2420345050
In base 12, what is -a9ba072 - -4?
-a9ba06a
In base 2, what is -10111010 - 111011100110101?
-111011111101111
In base 16, what is cbd - -246?
f03
In base 12, what is 4 - -46ab42?
46ab46
In base 4, what is -300311212 - -103112?
-300202100
In base 5, what is 1231312 - 140421?
1040341
In base 4, what is 312133111312 + -2?
312133111310
In base 15, what is -5 + -b48ce2?
-b48ce7
In base 3, what is -201 + -21120010012201?
-21120010020102
In base 10, what is 58092486 + -17?
58092469
In base 10, what is -3 + -1647162?
-1647165
In base 16, what is -3e2d63 + -3?
-3e2d66
In base 14, what is -7d1a6d3 - 5?
-7d1a6d8
In base 2, what is 11110101000111 - 100010011?
11110000110100
In base 16, what is -4 - -5e0d6a?
5e0d66
In